 by 2182?
627
Calculate the remainder when 3268 is divided by 73.
56
What is the remainder when 1079 is divided by 196?
99
Calculate the remainder when 1987 is divided by 28.
27
Calculate the remainder when 30359 is divided by 4337.
0
What is the remainder when 18962 is divided by 3142?
110
What is the remainder when 4677 is divided by 129?
33
What is the remainder when 16678 is divided by 16672?
6
Calculate the remainder when 12967 is divided by 65.
32
Calculate the remainder when 626952 is divided by 49.
46
Calculate the remainder when 1039785 is divided by 51.
48
What is the remainder when 17123 is divided by 10?
3
What is the remainder when 15566 is divided by 14?
12
What is the remainder when 11062 is divided by 1381?
14
Calculate the remainder when 211634 is divided by 40.
34
Calculate the remainder when 558415 is divided by 136.
135
What is the remainder when 2246673 is divided by 25?
23
Calculate the remainder when 700 is divided by 32.
28
Calculate the remainder when 5280 is divided by 2259.
762
Calculate the remainder when 2768 is divided by 538.
78
Calculate the remainder when 138394 is divided by 84.
46
Calculate the remainder when 4145 is divided by 331.
173
What is the remainder when 27996 is divided by 848?
12
Calculate the remainder when 4900 is divided by 545.
540
Calculate the remainder when 1613 is divided by 21.
17
What is the remainder when 324988 is divided by 49?
20
What is the remainder when 66780 is divided by 1284?
12
Calculate the remainder when 206 is divided by 150.
56
Calculate the remainder when 75688 is divided by 12613.
10
Calculate the remainder when 11858 is divided by 123.
50
What is the remainder when 88771 is divided by 13?
7
Calculate the remainder when 714399 is divided by 100.
99
Calculate the remainder when 75044 is divided by 1154.
34
Calculate the remainder when 5840 is divided by 1161.
35
Calculate the remainder when 8332 is divided by 88.
60
What is the remainder when 5914 is divided by 741?
727
What is the remainder when 129414 is divided by 167?
156
What is the remainder when 160525 is divided by 997?
8
What is the remainder when 17778 is divided by 311?
51
What is the remainder when 65249 is divided by 124?
25
What is the remainder when 845 is divided by 42?
5
What is the remainder when 367347 is divided by 122?
5
What is the remainder when 35976 is divided by 35765?
211
Calculate the remainder when 4290 is divided by 195.
0
What is the remainder when 2315 is divided by 769?
8
What is the remainder when 1388 is divided by 1232?
156
Calculate the remainder when 971 is divided by 30.
11
What is the remainder when 466463 is divided by 71?
64
Calculate the remainder when 106745 is divided by 4.
1
What is the remainder when 3049 is divided by 732?
121
What is the remainder when 12111359 is divided by 15?
14
What is the remainder when 84609 is divided by 86?
71
What is the remainder when 10651 is divided by 142?
1
What is the remainder when 1420 is divided by 1332?
88
What is the remainder when 529 is divided by 518?
11
Calculate the remainder when 553199 is divided by 600.
599
Calculate the remainder when 8146 is divided by 4070.
6
Calculate the remainder when 12725 is divided by 4079.
488
What is the remainder when 266951 is divided by 127?
124
Calculate the remainder when 180046 is divided by 1622.
4
What is the remainder when 7590 is divided by 2348?
546
What is the remainder when 17997 is divided by 2477?
658
Calculate the remainder when 597418 is divided by 199115.
73
What is the remainder when 6827 is divided by 75?
2
What is the remainder when 419125 is divided by 34925?
25
What is the remainder when 1113 is divided by 1112?
1
Calculate the remainder when 3603 is divided by 201.
186
Calculate the remainder when 800621 is divided by 375.
371
Calculate the remainder when 55546 is divided by 27773.
0
What is the remainder when 2082608 is divided by 19?
18
What is the remainder when 304427 is divided by 50736?
11
What is the remainder when 25611 is divided by 483?
12
Calculate the remainder when 307674 is divided by 34.
8
What is the remainder when 20694 is divided by 512?
214
What is the remainder when 51921 is divided by 25954?
13
Calculate the remainder when 742633 is divided by 124.
121
Calculate the remainder when 634 is divided by 67.
31
What is the remainder when 43274 is divided by 307?
294
What is the remainder when 3240 is divided by 457?
41
What is the remainder when 902 is divided by 775?
127
Calculate the remainder when 15174 is divided by 697.
537
Calculate the remainder when 37354 is divided by 37226.
128
What is the remainder when 1928 is divided by 129?
122
Calculate the remainder when 807 is divided by 417.
390
What is the remainder when 31584 is divided by 3132?
264
What is the remainder when 73436 is divided by 90?
86
What is the remainder when 148247 is divided by 29649?
2
Calculate the remainder when 45971 is divided by 5746.
3
What is the remainder when 269427 is divided by 51?
45
What is the remainder when 5298 is divided by 2499?
300
What is the remainder when 8821 is divided by 797?
54
Calculate the remainder when 328556 is divided by 187.
184
What is the remainder when 310554 is divided by 69?
54
Calculate the remainder when 668 is divided by 65.
18
What is the remainder when 8498 is divided by 294?
266
Calculate the remainder when 1904238 is divided by 10.
8
What is the remainder when 3692 is divided by 305?
32
What is the remainder when 1231 is divided by 23?
12
What is the remainder when 25704 is divided by 8127?
1323
What is the remainder when 3248 is divided by 684?
512
What is the remainder when 278459 is divided by 28?
27
What is the remainder when 1891 is divided by 587?
130
Calculate the remainder when 899 is divided by 397.
105
Calculate the remainder when 926182 is divided by 13.
10
Calculate the remainder when 470637 is divided by 120.
117
Calculate the remainder when 31126 is divided by 15441.
244
Calculate the remainder when 20947 is divided by 99.
58
Calculate the remainder when 10375 is divided by 5123.
129
What is the remainder when 470 is divided by 184?
102
Calculate the remainder when 1084 is divided by 344.
52
What is the remainder when 1559 is divided by 8?
7
What is the remainder when 739 is divided by 247?
245
What is the remainder when 55397 is divided by 200?
197
What is the remainder when 22926 is divided by 573?
6
Calculate the remainder when 41042 is divided by 3225.
2342
Calculate the remainder when 44476 is divided by 272.
140
What is the remainder when 1196 is divided by 45?
26
What is the remainder when 2479 is divided by 798?
85
Calculate the remainder when 435427 is divided by 79.
58
Calculate the remainder when 18570 is divided by 1239.
1224
What is the remainder when 1102 is divided by 175?
52
Calculate the remainder when 38975 is divided by 16.
15
Calculate the remainder when 17941 is divided by 42.
7
Calculate the remainder when 18061 is divided by 37.
5
What is the remainder when 838858 is divided by 451?
449
What is the remainder when 259196 is divided by 86398?
2
What is the remainder when 1171 is divided by 32?
19
Calculate the remainder when 324 is divided by 200.
124
What is the remainder when 34706 is divided by 43?
5
What is the remainder when 2546 is divided by 142?
132
Calculate the remainder when 4738 is divided by 113.
105
Calculate the remainder when 152631 is divided by 16954.
45
Calculate the remainder when 377 is divided by 117.
26
Calculate the remainder when 1446 is divided by 245.
221
What is the remainder when 17700 is divided by 181?
143
What is the remainder when 20708 is divided by 3451?
2
What is the remainder when 1184 is divided by 92?
80
Calculate the remainder when 140949 is divided by 50.
49
What is the remainder when 505653 is divided by 71?
62
What is the remainder when 137901 is divided by 1301?
1296
Calculate the remainder when 6448 is divided by 6415.
33
Calculate the remainder when 8430 is divided by 50.
30
What is the remainder when 82926 is divided by 2764?
6
What is the remainder when 20815 is divided by 5201?
11
Calculate the remainder when 42863 is divided by 52.
15
What is the remainder when 53233 is divided by 38?
33
What is the remainder when 11748 is divided by 90?
48
What is the rema